{"id":12973,"date":"2019-03-16T21:29:33","date_gmt":"2019-03-16T20:29:33","guid":{"rendered":"http:\/\/www.alohapatek.cz\/?page_id=12973"},"modified":"2019-03-17T12:20:26","modified_gmt":"2019-03-17T11:20:26","slug":"rozdeleni-kav","status":"publish","type":"page","link":"https:\/\/www.alohapatek.cz\/index.php\/rozdeleni-kav\/","title":{"rendered":"ROZD\u011aLEN\u00cd K\u00c1V"},"content":{"rendered":"\n<p>Zat\u00edm jenom pomoc\u00ed obr\u00e1zku, pozd\u011bji v\u0161ak tro\u0161ku detailn\u011bji, pop\u00ed\u0161u z\u00e1kladn\u00ed druhy k\u00e1vov\u00fdch n\u00e1poj\u016f.<\/p>\n\n\n\n<div class=\"wp-block-image\"><figure class=\"aligncenter\"><img loading=\"lazy\" decoding=\"async\" width=\"306\" height=\"810\" src=\"https:\/\/www.alohapatek.cz\/wp-content\/uploads\/2019\/03\/30.06.162B-2B1.jpeg.jpg\" alt=\"\" class=\"wp-image-12967\" srcset=\"https:\/\/www.alohapatek.cz\/wp-content\/uploads\/2019\/03\/30.06.162B-2B1.jpeg.jpg 306w, https:\/\/www.alohapatek.cz\/wp-content\/uploads\/2019\/03\/30.06.162B-2B1.jpeg-113x300.jpg 113w\" sizes=\"auto, (max-width: 306px) 100vw, 306px\" \/><\/figure><\/div>\n","protected":false},"excerpt":{"rendered":"<p>Zat\u00edm jenom pomoc\u00ed obr\u00e1zku, pozd\u011bji v\u0161ak tro\u0161ku detailn\u011bji, pop\u00ed\u0161u z\u00e1kladn\u00ed&#46;&#46;&#46;<\/p>\n","protected":false},"author":3,"featured_media":12967,"parent":0,"menu_order":0,"comment_status":"closed","ping_status":"closed","template":"","meta":{"footnotes":""},"class_list":["post-12973","page","type-page","status-publish","has-post-thumbnail","hentry"],"_links":{"self":[{"href":"https:\/\/www.alohapatek.cz\/index.php\/wp-json\/wp\/v2\/pages\/12973","targetHints":{"allow":["GET"]}}],"collection":[{"href":"https:\/\/www.alohapatek.cz\/index.php\/wp-json\/wp\/v2\/pages"}],"about":[{"href":"https:\/\/www.alohapatek.cz\/index.php\/wp-json\/wp\/v2\/types\/page"}],"author":[{"embeddable":true,"href":"https:\/\/www.alohapatek.cz\/index.php\/wp-json\/wp\/v2\/users\/3"}],"replies":[{"embeddable":true,"href":"https:\/\/www.alohapatek.cz\/index.php\/wp-json\/wp\/v2\/comments?post=12973"}],"version-history":[{"count":3,"href":"https:\/\/www.alohapatek.cz\/index.php\/wp-json\/wp\/v2\/pages\/12973\/revisions"}],"predecessor-version":[{"id":12986,"href":"https:\/\/www.alohapatek.cz\/index.php\/wp-json\/wp\/v2\/pages\/12973\/revisions\/12986"}],"wp:featuredmedia":[{"embeddable":true,"href":"https:\/\/www.alohapatek.cz\/index.php\/wp-json\/wp\/v2\/media\/12967"}],"wp:attachment":[{"href":"https:\/\/www.alohapatek.cz\/index.php\/wp-json\/wp\/v2\/media?parent=12973"}],"curies":[{"name":"wp","href":"https:\/\/api.w.org\/{rel}","templated":true}]}}